{"id":2,"date":"2023-03-05T00:22:46","date_gmt":"2023-03-04T23:22:46","guid":{"rendered":"https:\/\/wp-grueneau.riker.twotigers.de\/?page_id=2"},"modified":"2023-03-05T14:10:46","modified_gmt":"2023-03-05T13:10:46","slug":"beispiel-seite","status":"publish","type":"page","link":"https:\/\/www.zur-gruenen-au.de\/","title":{"rendered":"Die Ferienwohnung ist geschlossen!"},"content":{"rendered":"\n<p>Liebe G\u00e4ste,<\/p>\n\n\n\n<p>zum Januar 2023 habe ich meine Ferienwohnung geschlossen. Ich bedanke mich f\u00fcr die vielen spannenden Kontakte in den letzten zehn Jahren und die vielen treuen Stammg\u00e4ste, die immer wieder bei mir waren.<\/p>\n\n\n\n<p>Wenn Sie aktuell auf der Suche nach einer Unterkunft sind, finden Sie \u00fcber die Suche auf den Seiten des <a href=\"https:\/\/tourismus.speyer.de\/speyer\/de\/accommodation\/list\">Tourismusb\u00fcros Speyer<\/a> viele andere tolle Angebote.<\/p>\n\n\n\n<p>Viele Gr\u00fc\u00dfe,<br>Christa Krammer<\/p>\n","protected":false},"excerpt":{"rendered":"<p>Liebe G\u00e4ste, zum Januar 2023 habe ich meine Ferienwohnung geschlossen. Ich bedanke mich f\u00fcr die vielen spannenden Kontakte in den letzten zehn Jahren und die vielen treuen Stammg\u00e4ste, die immer wieder bei mir waren. Wenn Sie aktuell auf der Suche nach einer Unterkunft sind, finden Sie \u00fcber die Suche auf den Seiten des Tourismusb\u00fcros Speyer [&hellip;]<\/p>\n","protected":false},"author":1,"featured_media":0,"parent":0,"menu_order":0,"comment_status":"closed","ping_status":"open","template":"","meta":{"footnotes":""},"class_list":["post-2","page","type-page","status-publish","hentry"],"_links":{"self":[{"href":"https:\/\/www.zur-gruenen-au.de\/index.php?rest_route=\/wp\/v2\/pages\/2","targetHints":{"allow":["GET"]}}],"collection":[{"href":"https:\/\/www.zur-gruenen-au.de\/index.php?rest_route=\/wp\/v2\/pages"}],"about":[{"href":"https:\/\/www.zur-gruenen-au.de\/index.php?rest_route=\/wp\/v2\/types\/page"}],"author":[{"embeddable":true,"href":"https:\/\/www.zur-gruenen-au.de\/index.php?rest_route=\/wp\/v2\/users\/1"}],"replies":[{"embeddable":true,"href":"https:\/\/www.zur-gruenen-au.de\/index.php?rest_route=%2Fwp%2Fv2%2Fcomments&post=2"}],"version-history":[{"count":7,"href":"https:\/\/www.zur-gruenen-au.de\/index.php?rest_route=\/wp\/v2\/pages\/2\/revisions"}],"predecessor-version":[{"id":40,"href":"https:\/\/www.zur-gruenen-au.de\/index.php?rest_route=\/wp\/v2\/pages\/2\/revisions\/40"}],"wp:attachment":[{"href":"https:\/\/www.zur-gruenen-au.de\/index.php?rest_route=%2Fwp%2Fv2%2Fmedia&parent=2"}],"curies":[{"name":"wp","href":"https:\/\/api.w.org\/{rel}","templated":true}]}}

<p>Liebe Gäste,</p>



<p>zum Januar 2023 habe ich meine Ferienwohnung geschlossen. Ich bedanke mich für die vielen spannenden Kontakte in den letzten zehn Jahren und die vielen treuen Stammgäste, die immer wieder bei mir waren.</p>



<p>Wenn Sie aktuell auf der Suche nach einer Unterkunft sind, finden Sie über die Suche auf den Seiten des <a href="https://tourismus.speyer.de/speyer/de/accommodation/list">Tourismusbüros Speyer</a> viele andere tolle Angebote.</p>



<p>Viele Grüße,<br>Christa Krammer</p>

<p>Liebe Gäste, zum Januar 2023 habe ich meine Ferienwohnung geschlossen. Ich bedanke mich für die vielen spannenden Kontakte in den letzten zehn Jahren und die vielen treuen Stammgäste, die immer wieder bei mir waren. Wenn Sie aktuell auf der Suche nach einer Unterkunft sind, finden Sie über die Suche auf den Seiten des Tourismusbüros Speyer [&hellip;]</p>
